{"id":107,"date":"2026-02-08T01:20:53","date_gmt":"2026-02-08T00:20:53","guid":{"rendered":"https:\/\/tribu-du-fourmilier.com\/?page_id=107"},"modified":"2026-02-08T01:33:26","modified_gmt":"2026-02-08T00:33:26","slug":"lassociation","status":"publish","type":"page","link":"https:\/\/tribu-du-fourmilier.com\/?page_id=107","title":{"rendered":"L\u2019association"},"content":{"rendered":"\t\t<div data-elementor-type=\"wp-page\" data-elementor-id=\"107\" class=\"elementor elementor-107\">\n\t\t\t\t<div class=\"elementor-element elementor-element-7dd8784 e-flex e-con-boxed e-con e-parent\" data-id=\"7dd8784\" data-element_type=\"container\" data-e-type=\"container\">\n\t\t\t\t\t<div class=\"e-con-inner\">\n\t\t\t\t<div class=\"elementor-element elementor-element-1f14387 elementor-widget elementor-widget-heading\" data-id=\"1f14387\" data-element_type=\"widget\" data-e-type=\"widget\" data-widget_type=\"heading.default\">\n\t\t\t\t\t<h1 class=\"elementor-heading-title elementor-size-default\">Qui sommes-nous ?\n<\/h1>\t\t\t\t<\/div>\n\t\t\t\t\t<\/div>\n\t\t\t\t<\/div>\n\t\t<div class=\"elementor-element elementor-element-61f1935 e-flex e-con-boxed e-con e-parent\" data-id=\"61f1935\" data-element_type=\"container\" data-e-type=\"container\">\n\t\t\t\t\t<div class=\"e-con-inner\">\n\t\t\t\t<div class=\"elementor-element elementor-element-37490ca elementor-widget elementor-widget-text-editor\" data-id=\"37490ca\" data-element_type=\"widget\" data-e-type=\"widget\" data-widget_type=\"text-editor.default\">\n\t\t\t\t\t\t\t\t\t<p>Bas\u00e9e dans le 06, notre association est n\u00e9e de l\u2019envie d\u2019aider les animaux<br \/>de mani\u00e8re concr\u00e8te, responsable et humaine.<\/p><p>Nous sommes une toute petite \u00e9quipe de b\u00e9n\u00e9voles,<br \/>avec un travail, une vie de famille,<br \/>et une volont\u00e9 commune de faire de notre mieux,<br \/>\u00e0 notre \u00e9chelle.<\/p>\t\t\t\t\t\t\t\t<\/div>\n\t\t\t\t\t<\/div>\n\t\t\t\t<\/div>\n\t\t<div class=\"elementor-element elementor-element-b56fb2c e-flex e-con-boxed e-con e-parent\" data-id=\"b56fb2c\" data-element_type=\"container\" data-e-type=\"container\">\n\t\t\t\t\t<div class=\"e-con-inner\">\n\t\t\t\t<div class=\"elementor-element elementor-element-11f599a elementor-widget elementor-widget-heading\" data-id=\"11f599a\" data-element_type=\"widget\" data-e-type=\"widget\" data-widget_type=\"heading.default\">\n\t\t\t\t\t<h2 class=\"elementor-heading-title elementor-size-default\">Comment fonctionnons-nous ?\n<\/h2>\t\t\t\t<\/div>\n\t\t\t\t\t<\/div>\n\t\t\t\t<\/div>\n\t\t<div class=\"elementor-element elementor-element-f8175c2 e-flex e-con-boxed e-con e-parent\" data-id=\"f8175c2\" data-element_type=\"container\" data-e-type=\"container\">\n\t\t\t\t\t<div class=\"e-con-inner\">\n\t\t\t\t<div class=\"elementor-element elementor-element-17dd997 elementor-widget elementor-widget-text-editor\" data-id=\"17dd997\" data-element_type=\"widget\" data-e-type=\"widget\" data-widget_type=\"text-editor.default\">\n\t\t\t\t\t\t\t\t\t<p>Nous fonctionnons exclusivement gr\u00e2ce \u00e0 des familles d\u2019accueil b\u00e9n\u00e9voles.<br \/>Nous ne disposons pas de refuge.<\/p><p>Les prises en charge d\u00e9pendent donc enti\u00e8rement de nos capacit\u00e9s d\u2019accueil<br \/>au moment des demandes.<\/p><p>Nous privil\u00e9gions des adoptions r\u00e9fl\u00e9chies,<br \/>avec un accompagnement avant et apr\u00e8s l\u2019adoption,<br \/>et faisons appel \u00e0 des professionnels lorsque cela est n\u00e9cessaire.<\/p>\t\t\t\t\t\t\t\t<\/div>\n\t\t\t\t\t<\/div>\n\t\t\t\t<\/div>\n\t\t<div class=\"elementor-element elementor-element-bb80f36 e-flex e-con-boxed e-con e-parent\" data-id=\"bb80f36\" data-element_type=\"container\" data-e-type=\"container\">\n\t\t\t\t\t<div class=\"e-con-inner\">\n\t\t\t\t<div class=\"elementor-element elementor-element-5e7f919 elementor-widget elementor-widget-heading\" data-id=\"5e7f919\" data-element_type=\"widget\" data-e-type=\"widget\" data-widget_type=\"heading.default\">\n\t\t\t\t\t<h2 class=\"elementor-heading-title elementor-size-default\">Ce que nous pouvons faire\n<\/h2>\t\t\t\t<\/div>\n\t\t\t\t\t<\/div>\n\t\t\t\t<\/div>\n\t\t<div class=\"elementor-element elementor-element-efd1c74 e-flex e-con-boxed e-con e-parent\" data-id=\"efd1c74\" data-element_type=\"container\" data-e-type=\"container\">\n\t\t\t\t\t<div class=\"e-con-inner\">\n\t\t\t\t<div class=\"elementor-element elementor-element-6049b29 elementor-widget elementor-widget-text-editor\" data-id=\"6049b29\" data-element_type=\"widget\" data-e-type=\"widget\" data-widget_type=\"text-editor.default\">\n\t\t\t\t\t\t\t\t\t<p>\u2022 Prendre en charge des animaux lorsqu\u2019une solution d\u2019accueil est possible <br \/>\u2022 Accompagner les adoptants de mani\u00e8re responsable <br \/>\u2022 Aider \u00e0 trouver des solutions quand les conditions le permettent <br \/>\u2022 Orienter vers des professionnels si besoin<\/p>\t\t\t\t\t\t\t\t<\/div>\n\t\t\t\t\t<\/div>\n\t\t\t\t<\/div>\n\t\t<div class=\"elementor-element elementor-element-8f1b2eb e-flex e-con-boxed e-con e-parent\" data-id=\"8f1b2eb\" data-element_type=\"container\" data-e-type=\"container\">\n\t\t\t\t\t<div class=\"e-con-inner\">\n\t\t\t\t<div class=\"elementor-element elementor-element-8345b02 elementor-widget elementor-widget-heading\" data-id=\"8345b02\" data-element_type=\"widget\" data-e-type=\"widget\" data-widget_type=\"heading.default\">\n\t\t\t\t\t<h2 class=\"elementor-heading-title elementor-size-default\">Ce que nous ne pouvons pas faire\n<\/h2>\t\t\t\t<\/div>\n\t\t\t\t\t<\/div>\n\t\t\t\t<\/div>\n\t\t<div class=\"elementor-element elementor-element-93fc18a e-flex e-con-boxed e-con e-parent\" data-id=\"93fc18a\" data-element_type=\"container\" data-e-type=\"container\">\n\t\t\t\t\t<div class=\"e-con-inner\">\n\t\t\t\t<div class=\"elementor-element elementor-element-e5a4b8a elementor-widget elementor-widget-text-editor\" data-id=\"e5a4b8a\" data-element_type=\"widget\" data-e-type=\"widget\" data-widget_type=\"text-editor.default\">\n\t\t\t\t\t\t\t\t\t<p>\u2022 R\u00e9pondre favorablement \u00e0 toutes les demandes <br \/>\u2022 Accueillir des animaux sans solution adapt\u00e9e <br \/>\u2022 Aller plus vite que nos moyens humains et financiers<\/p><p>Cette transparence est essentielle<br \/>pour prot\u00e9ger les animaux, mais aussi les b\u00e9n\u00e9voles.<\/p>\t\t\t\t\t\t\t\t<\/div>\n\t\t\t\t<div class=\"elementor-element elementor-element-96b6ed5 elementor-widget elementor-widget-text-editor\" data-id=\"96b6ed5\" data-element_type=\"widget\" data-e-type=\"widget\" data-widget_type=\"text-editor.default\">\n\t\t\t\t\t\t\t\t\t<p>Nous ne sommes pas une grande structure.<br \/>Mais chaque d\u00e9cision est prise avec s\u00e9rieux,<br \/>bienveillance et dans l\u2019int\u00e9r\u00eat des animaux.<\/p><p>Merci de votre compr\u00e9hension et de votre confiance.<\/p><p>Philippe, Emilie et C\u00e9cile<\/p>\t\t\t\t\t\t\t\t<\/div>\n\t\t\t\t\t<\/div>\n\t\t\t\t<\/div>\n\t\t\t\t<\/div>\n\t\t","protected":false},"excerpt":{"rendered":"<p>Qui sommes-nous ? Bas\u00e9e dans le 06, notre association est n\u00e9e de l\u2019envie d\u2019aider les animauxde mani\u00e8re concr\u00e8te, responsable et humaine. Nous sommes une toute petite \u00e9quipe de b\u00e9n\u00e9voles,avec un travail, une vie de famille,et une volont\u00e9 commune de faire de notre mieux,\u00e0 notre \u00e9chelle. Comment fonctionnons-nous ? Nous fonctionnons exclusivement gr\u00e2ce \u00e0 des familles [&hellip;]<\/p>\n","protected":false},"author":2,"featured_media":0,"parent":0,"menu_order":0,"comment_status":"closed","ping_status":"closed","template":"","meta":{"footnotes":""},"class_list":["post-107","page","type-page","status-publish","hentry"],"jetpack_sharing_enabled":true,"_links":{"self":[{"href":"https:\/\/tribu-du-fourmilier.com\/index.php?rest_route=\/wp\/v2\/pages\/107","targetHints":{"allow":["GET"]}}],"collection":[{"href":"https:\/\/tribu-du-fourmilier.com\/index.php?rest_route=\/wp\/v2\/pages"}],"about":[{"href":"https:\/\/tribu-du-fourmilier.com\/index.php?rest_route=\/wp\/v2\/types\/page"}],"author":[{"embeddable":true,"href":"https:\/\/tribu-du-fourmilier.com\/index.php?rest_route=\/wp\/v2\/users\/2"}],"replies":[{"embeddable":true,"href":"https:\/\/tribu-du-fourmilier.com\/index.php?rest_route=%2Fwp%2Fv2%2Fcomments&post=107"}],"version-history":[{"count":7,"href":"https:\/\/tribu-du-fourmilier.com\/index.php?rest_route=\/wp\/v2\/pages\/107\/revisions"}],"predecessor-version":[{"id":114,"href":"https:\/\/tribu-du-fourmilier.com\/index.php?rest_route=\/wp\/v2\/pages\/107\/revisions\/114"}],"wp:attachment":[{"href":"https:\/\/tribu-du-fourmilier.com\/index.php?rest_route=%2Fwp%2Fv2%2Fmedia&parent=107"}],"curies":[{"name":"wp","href":"https:\/\/api.w.org\/{rel}","templated":true}]}}